{"id":308,"date":"2017-08-11T15:57:15","date_gmt":"2017-08-11T13:57:15","guid":{"rendered":"https:\/\/www.italo-shows.de\/dean-martin-show\/?page_id=308"},"modified":"2022-12-05T13:09:02","modified_gmt":"2022-12-05T12:09:02","slug":"faq","status":"publish","type":"page","link":"https:\/\/www.italo-shows.de\/dean-martin-show\/faq\/","title":{"rendered":"H\u00e4ufige Fragen"},"content":{"rendered":"<p>[et_pb_section fb_built=&#8220;1&#8243; fullwidth=&#8220;on&#8220; _builder_version=&#8220;4.16&#8243; global_colors_info=&#8220;{}&#8220;][et_pb_fullwidth_slider show_arrows=&#8220;off&#8220; show_pagination=&#8220;off&#8220; admin_label=&#8220;Header&#8220; _builder_version=&#8220;4.16&#8243; custom_padding=&#8220;|||&#8220; box_shadow_style=&#8220;preset6&#8243; box_shadow_blur=&#8220;10px&#8220; box_shadow_color=&#8220;rgba(0,0,0,0.1)&#8220; remove_inner_shadow=&#8220;off&#8220; hide_content_on_mobile=&#8220;off&#8220; hide_cta_on_mobile=&#8220;off&#8220; show_inner_shadow=&#8220;on&#8220; button_letter_spacing_hover=&#8220;0&#8243; global_colors_info=&#8220;{}&#8220; button_text_size__hover_enabled=&#8220;off&#8220; button_one_text_size__hover_enabled=&#8220;off&#8220; button_two_text_size__hover_enabled=&#8220;off&#8220; button_text_color__hover_enabled=&#8220;off&#8220; button_one_text_color__hover_enabled=&#8220;off&#8220; button_two_text_color__hover_enabled=&#8220;off&#8220; button_border_width__hover_enabled=&#8220;off&#8220; button_one_border_width__hover_enabled=&#8220;off&#8220; button_two_border_width__hover_enabled=&#8220;off&#8220; button_border_color__hover_enabled=&#8220;off&#8220; button_one_border_color__hover_enabled=&#8220;off&#8220; button_two_border_color__hover_enabled=&#8220;off&#8220; button_border_radius__hover_enabled=&#8220;off&#8220; button_one_border_radius__hover_enabled=&#8220;off&#8220; button_two_border_radius__hover_enabled=&#8220;off&#8220; button_letter_spacing__hover_enabled=&#8220;on&#8220; button_letter_spacing__hover=&#8220;0&#8243; button_one_letter_spacing__hover_enabled=&#8220;off&#8220; button_two_letter_spacing__hover_enabled=&#8220;off&#8220; button_bg_color__hover_enabled=&#8220;off&#8220; button_one_bg_color__hover_enabled=&#8220;off&#8220; button_two_bg_color__hover_enabled=&#8220;off&#8220;][et_pb_slide heading=&#8220;H\u00c4UFIGE FRAGEN&#8220; use_bg_overlay=&#8220;off&#8220; use_text_overlay=&#8220;on&#8220; text_overlay_color=&#8220;rgba(105,64,5,0.65)&#8220; text_border_radius=&#8220;15&#8243; _builder_version=&#8220;4.16&#8243; header_font=&#8220;||||&#8220; body_font=&#8220;||||&#8220; body_font_size=&#8220;20&#8243; background_color=&#8220;#ffffff&#8220; background_image=&#8220;https:\/\/www.italo-shows.de\/dean-martin-show\/wp-content\/uploads\/sites\/6\/2019\/03\/fragen-antworten2-dean-martin.jpg&#8220; button_on_hover=&#8220;on&#8220; body_font_size_tablet=&#8220;20&#8243; body_font_size_phone=&#8220;20&#8243; global_colors_info=&#8220;{}&#8220; button_text_size__hover_enabled=&#8220;off&#8220; button_one_text_size__hover_enabled=&#8220;off&#8220; button_two_text_size__hover_enabled=&#8220;off&#8220; button_text_color__hover_enabled=&#8220;off&#8220; button_one_text_color__hover_enabled=&#8220;off&#8220; button_two_text_color__hover_enabled=&#8220;off&#8220; button_border_width__hover_enabled=&#8220;off&#8220; button_one_border_width__hover_enabled=&#8220;off&#8220; button_two_border_width__hover_enabled=&#8220;off&#8220; button_border_color__hover_enabled=&#8220;off&#8220; button_one_border_color__hover_enabled=&#8220;off&#8220; button_two_border_color__hover_enabled=&#8220;off&#8220; button_border_radius__hover_enabled=&#8220;off&#8220; button_one_border_radius__hover_enabled=&#8220;off&#8220; button_two_border_radius__hover_enabled=&#8220;off&#8220; button_letter_spacing__hover_enabled=&#8220;off&#8220; button_one_letter_spacing__hover_enabled=&#8220;off&#8220; button_two_letter_spacing__hover_enabled=&#8220;off&#8220; button_bg_color__hover_enabled=&#8220;off&#8220; button_one_bg_color__hover_enabled=&#8220;off&#8220; button_two_bg_color__hover_enabled=&#8220;off&#8220; sticky_transition=&#8220;on&#8220;]<\/p>\n<p>Hier finden Sie zu vielen Fragen die passenden Antworten<\/p>\n<p>[\/et_pb_slide][\/et_pb_fullwidth_slider][\/et_pb_section][et_pb_section fb_built=&#8220;1&#8243; admin_label=&#8220;section&#8220; _builder_version=&#8220;4.16&#8243; global_colors_info=&#8220;{}&#8220;][et_pb_row admin_label=&#8220;row&#8220; _builder_version=&#8220;4.16&#8243; background_size=&#8220;initial&#8220; background_position=&#8220;top_left&#8220; background_repeat=&#8220;repeat&#8220; global_colors_info=&#8220;{}&#8220;][et_pb_column type=&#8220;4_4&#8243; _builder_version=&#8220;4.16&#8243; custom_padding=&#8220;|||&#8220; global_colors_info=&#8220;{}&#8220; custom_padding__hover=&#8220;|||&#8220;][et_pb_accordion icon_color=&#8220;#694005&#8243; admin_label=&#8220;Fragen und Antworten&#8220; module_class=&#8220;hauptlinks&#8220; _builder_version=&#8220;4.18.1&#8243; toggle_text_color=&#8220;#f6ae1b&#8220; toggle_font=&#8220;|on|||&#8220; toggle_font_size=&#8220;18&#8243; body_font_size=&#8220;16&#8243; hover_enabled=&#8220;0&#8243; border_color=&#8220;#800000&#8243; border_style=&#8220;solid&#8220; global_colors_info=&#8220;{}&#8220; sticky_enabled=&#8220;0&#8243;][et_pb_accordion_item title=&#8220;Wie und wo komme ich an Tickets f\u00fcr Ihre Shows?&#8220; _builder_version=&#8220;4.16&#8243; global_colors_info=&#8220;{}&#8220; open=&#8220;on&#8220;]<\/p>\n<p>Ganz einfach, Tickets k\u00f6nnen Sie (ohne zus\u00e4tzliche Geb\u00fchren) bei uns jederzeit hier online \u00fcber unser <a href=\"https:\/\/www.italo-shows.de\/dean-martin-show\/tickets\/#bestellformular\">Bestellformular <\/a>bestellen oder direkt telefonisch \u00fcber unsere Ticket-Hotline: <strong>030 400 41 869<\/strong>. Sollte dort ein Anrufbeantworter laufen, befinden wir uns gerade im Gespr\u00e4ch, in einer Probe oder wir sind gerade anderweitig besch\u00e4ftigt.<\/p>\n<p>Sprechen Sie dann einfach kurz Ihren Namen, ihre Telefonnummer und einen Zeitraum, indem wir Sie gut erreichen k\u00f6nnen drauf und wir rufen schnell zur\u00fcck.<\/p>\n<p>Der Anruf kostet Sie bei uns nur den normal \u00fcblichen Festnetz Tarif.<br \/><a href=\"https:\/\/www.italo-shows.de\/dean-martin-show\/tickets\/\">Zur Ticketbestellung<\/a><\/p>\n<p>Alternativ erhalten Sie unsere Tickets auch an jeder offiziellen Theater\/ Konzertkasse oder \u00fcber <a href=\"https:\/\/www.eventim.de\/artist\/claudio-maniscalco\/dean-martin-show-ein-hauch-von-las-vegas-3209707\/\" target=\"_blank\" rel=\"noopener noreferrer\">www.eventim.de<\/a>, (auch zum Ausdrucken). (Dort fallen Vorverkaufsgeb\u00fchren an)<\/p>\n<p>[\/et_pb_accordion_item][et_pb_accordion_item title=&#8220;Wann sollte man Vorort sein?&#8220; _builder_version=&#8220;4.16&#8243; global_colors_info=&#8220;{}&#8220; open=&#8220;off&#8220;]<\/p>\n<p>Einlass\/ Platzierung ist eine Stunde vor Showbeginn. Wir empfehlen Ihnen sp\u00e4testens jedoch 30 Minuten vor dem offiziellen Beginn da zu sein, damit Sie entspannt Ihren Tisch finden und Zeit haben, Getr\u00e4nke zu bestellen und entspannt zu plaudern. W\u00e4hrend der Show werden Getr\u00e4nke, ggf. nur dezent nachgereicht.<\/p>\n<p>[\/et_pb_accordion_item][et_pb_accordion_item title=&#8220;Wie lange dauert die Show?&#8220; _builder_version=&#8220;4.16&#8243; global_colors_info=&#8220;{}&#8220; open=&#8220;off&#8220;]<\/p>\n<p>Der erste Teil l\u00e4uft 55 Minuten. Dann eine Pause von ca. 25 Minuten. Der 2. Teil dauert nochmals ca. 45 Minuten.<\/p>\n<p>Show-Ende ist bei den 19:00 Uhr Abend-Shows ca. 21:30 Uhr. Nach den Abendshows, k\u00f6nnen Sie hinterher noch lange bleiben. Meistens kommen die K\u00fcnstler in den Zuschauerraum und Sie haben die M\u00f6glichkeit, mit denen zu plaudern.<\/p>\n<p>Die Matin\u00e9es beginnen bereits um 15:00 Uhr und enden ca. 17:15 Uhr.<\/p>\n<p>[\/et_pb_accordion_item][et_pb_accordion_item title=&#8220;Kann ich einen bestimmten Platz buchen?&#8220; _builder_version=&#8220;4.18.1&#8243; hover_enabled=&#8220;0&#8243; global_colors_info=&#8220;{}&#8220; open=&#8220;off&#8220; sticky_enabled=&#8220;0&#8243;]Einen bestimmten Platz oder Tisch zu buchen, ist nicht m\u00f6glich. Sollten Sie allerdings schon mal bei uns gewesen sein und einen Lieblingsplatz oder einen besonderen Wunsch haben, so werden wir versuchen, Sie m\u00f6glichst genau dort platzieren zu lassen. Am Abend selber ist eine \u00c4nderung allerdings nicht mehr m\u00f6glich, da wir meist ausverkauft sind.[\/et_pb_accordion_item][et_pb_accordion_item title=&#8220;Bekomme ich einen besseren Platz, wenn ich fr\u00fcher komme?&#8220; _builder_version=&#8220;4.16&#8243; global_colors_info=&#8220;{}&#8220; open=&#8220;off&#8220;]<\/p>\n<p>Ja, denn an Ihrem gebuchten Tisch selber, ist ja die genaue Platzwahl des jeweiligen Stuhls frei.<\/p>\n<p>[\/et_pb_accordion_item][et_pb_accordion_item title=&#8220;Wie finde ich meinen Tisch?&#8220; _builder_version=&#8220;4.16&#8243; global_colors_info=&#8220;{}&#8220; open=&#8220;off&#8220;]<\/p>\n<p>Ihre Tischnummer ist auf Ihrem Ticktet notiert. Das Team hilft Ihnen selbstverst\u00e4ndlich, falls Sie Ihren Tisch nicht finden.<\/p>\n<p>[\/et_pb_accordion_item][et_pb_accordion_item title=&#8220;Kann ich noch Tickets f\u00fcr die Show, am gleichen Abend erwerben?&#8220; _builder_version=&#8220;4.16&#8243; global_colors_info=&#8220;{}&#8220; open=&#8220;off&#8220;]<\/p>\n<p>Wenn wir an dem Spieltag noch nicht ausverkauft sind, selbstverst\u00e4ndlich, ja! Bitte melden Sie sich kurz bei uns, damit wir das kl\u00e4ren k\u00f6nnen. Rufen Sie uns kurz an <strong>030 400 41 869<\/strong> oder noch besser, schicken Sie uns kurz eine E-Mail an <a href=\"mailto:tickets@italo-shows.de\">tickets@italo-shows.de<\/a> und unser Mitarbeiter<strong> Sascha Opalka<\/strong> wird Ihnen das dann umgehend best\u00e4tigen.<\/p>\n<p>[\/et_pb_accordion_item][et_pb_accordion_item title=&#8220;Sind Getr\u00e4nke und Essen im Ticketpreis enthalten?&#8220; _builder_version=&#8220;4.16&#8243; global_colors_info=&#8220;{}&#8220; open=&#8220;off&#8220;]<\/p>\n<p>Nein, sie sind nicht enthalten. Es erwartet Sie eine kleine Getr\u00e4nkekarte zu zivilen Preisen.<\/p>\n<p>[\/et_pb_accordion_item][et_pb_accordion_item title=&#8220;Haben Sie Gutscheine zum Verschenken?&#8220; _builder_version=&#8220;4.16&#8243; global_colors_info=&#8220;{}&#8220; open=&#8220;off&#8220;]<\/p>\n<p>Ja haben wir. Dazu erhalten Sie von uns einen Flyer mit den aktuellen Terminen. Sie verschenken die Gutscheine und der oder die Beschenkte sucht sich dann ein Datum aus, ruft uns an oder schickt uns eine Mail und wir best\u00e4tigen dann das gew\u00fcnschte Datum. Also ganz einfach!<\/p>\n<p>[\/et_pb_accordion_item][et_pb_accordion_item title=&#8220;Kann ich Ihre Show auch als Rollstuhlfahrer besuchen?&#8220; _builder_version=&#8220;4.16&#8243; global_colors_info=&#8220;{}&#8220; open=&#8220;off&#8220;]<\/p>\n<p>Leider ist es zur Zeit nicht m\u00f6glich. Die Veranstaltung findet im 1. Stock vom Gemeinderaum statt. Wir arbeiten aber daran, eine L\u00f6sung zu finden. Rufen Sie uns einfach an.<\/p>\n<p>[\/et_pb_accordion_item][et_pb_accordion_item title=&#8220;Ist die DEAN MARTIN DINNER-SHOW auch f\u00fcr Kinder geeignet?&#8220; open=&#8220;off&#8220; _builder_version=&#8220;4.16&#8243; global_colors_info=&#8220;{}&#8220;]<\/p>\n<p>Selbstverst\u00e4ndlich! Es gibt keine Altersbeschr\u00e4nkung, wir empfehlen einen Besuch aber erst ab einem Alter von 6 Jahren.&nbsp;<\/p>\n<p>[\/et_pb_accordion_item][\/et_pb_accordion][\/et_pb_column][\/et_pb_row][\/et_pb_section]<\/p>","protected":false},"excerpt":{"rendered":"<p>Hier finden Sie zu vielen Fragen die passenden Antworten Ganz einfach, Tickets k\u00f6nnen Sie (ohne zus\u00e4tzliche Geb\u00fchren) bei uns jederzeit hier online \u00fcber unser Bestellformular bestellen oder direkt telefonisch \u00fcber unsere Ticket-Hotline: 030 400 41 869. Sollte dort ein Anrufbeantworter laufen, befinden wir uns gerade im Gespr\u00e4ch, in einer Probe oder wir sind gerade anderweitig [&hellip;]<\/p>\n","protected":false},"author":1,"featured_media":0,"parent":0,"menu_order":0,"comment_status":"closed","ping_status":"closed","template":"","meta":{"_et_pb_use_builder":"on","_et_pb_old_content":"","_et_gb_content_width":"","footnotes":""},"class_list":["post-308","page","type-page","status-publish","hentry"],"_links":{"self":[{"href":"https:\/\/www.italo-shows.de\/dean-martin-show\/wp-json\/wp\/v2\/pages\/308","targetHints":{"allow":["GET"]}}],"collection":[{"href":"https:\/\/www.italo-shows.de\/dean-martin-show\/wp-json\/wp\/v2\/pages"}],"about":[{"href":"https:\/\/www.italo-shows.de\/dean-martin-show\/wp-json\/wp\/v2\/types\/page"}],"author":[{"embeddable":true,"href":"https:\/\/www.italo-shows.de\/dean-martin-show\/wp-json\/wp\/v2\/users\/1"}],"replies":[{"embeddable":true,"href":"https:\/\/www.italo-shows.de\/dean-martin-show\/wp-json\/wp\/v2\/comments?post=308"}],"version-history":[{"count":26,"href":"https:\/\/www.italo-shows.de\/dean-martin-show\/wp-json\/wp\/v2\/pages\/308\/revisions"}],"predecessor-version":[{"id":905,"href":"https:\/\/www.italo-shows.de\/dean-martin-show\/wp-json\/wp\/v2\/pages\/308\/revisions\/905"}],"wp:attachment":[{"href":"https:\/\/www.italo-shows.de\/dean-martin-show\/wp-json\/wp\/v2\/media?parent=308"}],"curies":[{"name":"wp","href":"https:\/\/api.w.org\/{rel}","templated":true}]}}