{"id":1106,"date":"2023-09-20T14:36:55","date_gmt":"2023-09-20T12:36:55","guid":{"rendered":"https:\/\/www.italo-shows.de\/la-famiglia\/?page_id=1106"},"modified":"2023-10-14T10:12:17","modified_gmt":"2023-10-14T08:12:17","slug":"gutschein","status":"publish","type":"page","link":"https:\/\/www.italo-shows.de\/la-famiglia\/gutschein\/","title":{"rendered":"Gutschein"},"content":{"rendered":"<p>[et_pb_section fb_built=&#8220;1&#8243; admin_label=&#8220;section&#8220; _builder_version=&#8220;4.16&#8243; global_colors_info=&#8220;{}&#8220;][et_pb_row admin_label=&#8220;row&#8220; _builder_version=&#8220;4.22.1&#8243; background_size=&#8220;initial&#8220; background_position=&#8220;top_left&#8220; background_repeat=&#8220;repeat&#8220; global_colors_info=&#8220;{}&#8220;][et_pb_column type=&#8220;4_4&#8243; _builder_version=&#8220;4.16&#8243; custom_padding=&#8220;|||&#8220; global_colors_info=&#8220;{}&#8220; custom_padding__hover=&#8220;|||&#8220;][et_pb_image src=&#8220;https:\/\/www.italo-shows.de\/la-famiglia\/wp-content\/uploads\/sites\/4\/2023\/09\/gutschein.png&#8220; alt=&#8220;Wertgutschein f\u00fcr die La Famiglia Dinner-Show&#8220; title_text=&#8220;Wertgutschein f\u00fcr die La Famiglia Dinner-Show&#8220; align_tablet=&#8220;center&#8220; align_phone=&#8220;center&#8220; align_last_edited=&#8220;on|desktop&#8220; _builder_version=&#8220;4.22.1&#8243; animation_style=&#8220;fade&#8220; animation_duration=&#8220;500ms&#8220; use_border_color=&#8220;off&#8220; border_color=&#8220;#ffffff&#8220; border_style=&#8220;solid&#8220; animation=&#8220;fade_in&#8220; sticky=&#8220;off&#8220; always_center_on_mobile=&#8220;on&#8220; global_colors_info=&#8220;{}&#8220;][\/et_pb_image][et_pb_text admin_label=&#8220;Hauptext&#8220; _builder_version=&#8220;4.22.1&#8243; background_size=&#8220;initial&#8220; background_position=&#8220;top_left&#8220; background_repeat=&#8220;repeat&#8220; use_border_color=&#8220;off&#8220; border_color=&#8220;#ffffff&#8220; border_style=&#8220;solid&#8220; global_colors_info=&#8220;{}&#8220;]<\/p>\n<h2>Verschenken Sie einzigartige Abende bei La Famiglia \u2013 mit unseren Wertgutscheinen!<\/h2>\n<p>M\u00f6chten Sie Ihren Liebsten, Freunden oder Gesch\u00e4ftspartnern ein L\u00e4cheln aufs Gesicht zaubern? Mit unseren exklusiven Wertgutscheinen f\u00fcr die La Famiglia Dinner Show haben Sie die M\u00f6glichkeit, einzigartige Momente der Unterhaltung, k\u00f6stlichen Gen\u00fcsse und italienischen Flair zu verschenken. Unsere Gutscheine sind der Schl\u00fcssel zu einer einzigartigen Erfahrung voller Lachen, k\u00f6stlicher Pasta, mitrei\u00dfender Musik und einer Prise italienischer Leidenschaft.<\/p>\n<p><strong>So einfach geht&#8217;s:<\/strong><\/p>\n<ol>\n<li><strong>Einfache Bestellung:<\/strong> F\u00fcllen Sie das untenstehende Formular aus und tragen Sie Ihren gew\u00fcnschten Gutscheinwert ein.<\/li>\n<li><strong>Rechnung erhalten:<\/strong> Zusammen mit dem Gutschein erhalten Sie eine Rechnung, die Sie bequem innerhalb der n\u00e4chsten Tage begleichen k\u00f6nnen.<\/li>\n<li><strong>Schneller Versand:<\/strong> Ihr Gutschein wird noch am selben Tag verschickt \u2013 ohne lange Wartezeiten. Lediglich eine Portogeb\u00fchr von 1,50 \u20ac wird erhoben.<\/li>\n<li><strong>Freude schenken:<\/strong> Der Gutschein wird direkt an die Adresse Ihrer Wahl geliefert \u2013 ein perfektes Geschenk f\u00fcr Geburtstage, Jubil\u00e4en, Hochzeiten oder einfach, um einem besonderen Menschen eine Freude zu bereiten.<\/li>\n<li><strong>Einl\u00f6sen leicht gemacht:<\/strong> Der Beschenkte muss lediglich den einzigartigen Gutscheincode bei der Buchung angeben, um einen unvergesslichen Abend bei La Famiglia zu erleben.<\/li>\n<\/ol>\n<p>[\/et_pb_text][et_pb_text admin_label=&#8220;Formular&#8220; _builder_version=&#8220;4.22.1&#8243; _module_preset=&#8220;default&#8220; background_color=&#8220;#f2f2f2&#8243; custom_margin=&#8220;10px|10px|10px|10px|true|false&#8220; custom_padding=&#8220;10px|10px|10px|10px|false|false&#8220; box_shadow_style=&#8220;preset2&#8243; global_colors_info=&#8220;{}&#8220;]<\/p>\n<div class=\"caldera-grid\" id=\"caldera_form_1\" data-cf-ver=\"1.9.5\" data-cf-form-id=\"CF650aed9252c84\"><div id=\"caldera_notices_1\" data-spinner=\"https:\/\/www.italo-shows.de\/la-famiglia\/wp-admin\/images\/spinner.gif\"><\/div><form data-instance=\"1\" class=\"CF650aed9252c84 caldera_forms_form cfajax-trigger\" method=\"POST\" enctype=\"multipart\/form-data\" id=\"CF650aed9252c84_1\" data-form-id=\"CF650aed9252c84\" aria-label=\"Gutschein\" data-target=\"#caldera_notices_1\" data-template=\"#cfajax_CF650aed9252c84-tmpl\" data-cfajax=\"CF650aed9252c84\" data-load-element=\"_parent\" data-load-class=\"cf_processing\" data-post-disable=\"0\" data-action=\"cf_process_ajax_submit\" data-request=\"https:\/\/www.italo-shows.de\/la-famiglia\/cf-api\/CF650aed9252c84\" data-hiderows=\"true\">\r\n<input type=\"hidden\" id=\"_cf_verify_CF650aed9252c84\" name=\"_cf_verify\" value=\"794e0dd517\"  data-nonce-time=\"1777473868\" \/><input type=\"hidden\" name=\"_wp_http_referer\" value=\"\/la-famiglia\/wp-json\/wp\/v2\/pages\/1106\" \/><div id=\"cf2-CF650aed9252c84_1\"><\/div><input type=\"hidden\" name=\"_cf_frm_id\" value=\"CF650aed9252c84\">\r\n<input type=\"hidden\" name=\"_cf_frm_ct\" value=\"1\">\r\n<input type=\"hidden\" name=\"cfajax\" value=\"CF650aed9252c84\">\r\n<input type=\"hidden\" name=\"_cf_cr_pst\" value=\"1106\">\r\n<div class=\"hide\" style=\"display:none; overflow:hidden;height:0;width:0;\">\r\n<label>Web Site<\/label><input type=\"text\" name=\"web_site\" value=\"\" autocomplete=\"off\">\r\n<\/div><div id=\"CF650aed9252c84_1-row-1\"  class=\"row  first_row\"><div  class=\"col-sm-2  first_col\"><div data-field-wrapper=\"fld_8381\" class=\"form-group\" id=\"fld_8381_1-wrap\">\r\n\t<label id=\"fld_8381Label\" for=\"fld_8381_1\" class=\"control-label screen-reader-text sr-only\">Anrede*<\/label>\r\n\t<div class=\"\">\r\n\t\t<select name=\"fld_8381\" value=\"\" data-field=\"fld_8381\" class=\"form-control\" id=\"fld_8381_1\"  required=\"required\"  aria-labelledby=\"fld_8381Label\" >\n\t\t<option value=\"\" disabled selected>Anrede*<\/option>\t\t\t\t\t<option value=\"Frau\"  data-calc-value=\"Frau\" >\n\t\t\t\t\t\tFrau\t\t\t\t\t<\/option>\n\t\t\t\t\t\t\t\t\t\t<option value=\"Herr\"  data-calc-value=\"Herr\" >\n\t\t\t\t\t\tHerr\t\t\t\t\t<\/option>\n\t\t\t\t\t\t\t\t\t\t<option value=\"Ohne Angabe\"  data-calc-value=\"Ohne Angabe\" >\n\t\t\t\t\t\tOhne Angabe\t\t\t\t\t<\/option>\n\t\t\t\t\t\t\t<\/select>\n\t\t\t<\/div>\r\n<\/div>\r\n<\/div><div  class=\"col-sm-3 \"><div data-field-wrapper=\"fld_8768091\" class=\"form-group\" id=\"fld_8768091_1-wrap\">\r\n\t<label id=\"fld_8768091Label\" for=\"fld_8768091_1\" class=\"control-label screen-reader-text sr-only\">Vorname*<\/label>\r\n\t<div class=\"\">\r\n\t\t<input placeholder=\"Vorname*\"  required type=\"text\" data-field=\"fld_8768091\" class=\" form-control\" id=\"fld_8768091_1\" name=\"fld_8768091\" value=\"\" data-type=\"text\" aria-required=\"true\"   aria-labelledby=\"fld_8768091Label\" >\t\t\t<\/div>\r\n<\/div>\r\n<\/div><div  class=\"col-sm-3 \"><div data-field-wrapper=\"fld_9970286\" class=\"form-group\" id=\"fld_9970286_1-wrap\">\r\n\t<label id=\"fld_9970286Label\" for=\"fld_9970286_1\" class=\"control-label screen-reader-text sr-only\">Nachname*<\/label>\r\n\t<div class=\"\">\r\n\t\t<input placeholder=\"Nachname*\"  required type=\"text\" data-field=\"fld_9970286\" class=\" form-control\" id=\"fld_9970286_1\" name=\"fld_9970286\" value=\"\" data-type=\"text\" aria-required=\"true\"   aria-labelledby=\"fld_9970286Label\" >\t\t\t<\/div>\r\n<\/div>\r\n<\/div><div  class=\"col-sm-4  last_col\"><div data-field-wrapper=\"fld_6009157\" class=\"form-group\" id=\"fld_6009157_1-wrap\">\r\n\t<label id=\"fld_6009157Label\" for=\"fld_6009157_1\" class=\"control-label screen-reader-text sr-only\">Ihre E-Mail-Adresse*<\/label>\r\n\t<div class=\"\">\r\n\t\t<input placeholder=\"Ihre E-Mail-Adresse*\"  required type=\"email\" data-field=\"fld_6009157\" class=\" form-control\" id=\"fld_6009157_1\" name=\"fld_6009157\" value=\"\" data-type=\"email\" aria-required=\"true\"   aria-labelledby=\"fld_6009157Label\" >\t\t\t<\/div>\r\n<\/div>\r\n<\/div><\/div><div id=\"CF650aed9252c84_1-row-2\"  class=\"row \"><div  class=\"col-sm-3  first_col\"><div data-field-wrapper=\"fld_3274652\" class=\"form-group\" id=\"fld_3274652_1-wrap\">\r\n\t<label id=\"fld_3274652Label\" for=\"fld_3274652_1\" class=\"control-label screen-reader-text sr-only\">Stra\u00dfe und Hausnummer*<\/label>\r\n\t<div class=\"\">\r\n\t\t<input placeholder=\"Stra\u00dfe und Hausnummer*\"  required type=\"text\" data-field=\"fld_3274652\" class=\" form-control\" id=\"fld_3274652_1\" name=\"fld_3274652\" value=\"\" data-type=\"text\" aria-required=\"true\"   aria-labelledby=\"fld_3274652Label\" >\t\t\t<\/div>\r\n<\/div>\r\n<\/div><div  class=\"col-sm-3 \"><div data-field-wrapper=\"fld_956626\" class=\"form-group\" id=\"fld_956626_1-wrap\">\r\n\t<label id=\"fld_956626Label\" for=\"fld_956626_1\" class=\"control-label screen-reader-text sr-only\">PLZ*<\/label>\r\n\t<div class=\"\">\r\n\t\t<input placeholder=\"PLZ*\"  required type=\"text\" data-field=\"fld_956626\" class=\" form-control\" id=\"fld_956626_1\" name=\"fld_956626\" value=\"\" data-type=\"text\" aria-required=\"true\"   aria-labelledby=\"fld_956626Label\" >\t\t\t<\/div>\r\n<\/div>\r\n<\/div><div  class=\"col-sm-3 \"><div data-field-wrapper=\"fld_7337741\" class=\"form-group\" id=\"fld_7337741_1-wrap\">\r\n\t<label id=\"fld_7337741Label\" for=\"fld_7337741_1\" class=\"control-label screen-reader-text sr-only\">Ort*<\/label>\r\n\t<div class=\"\">\r\n\t\t<input placeholder=\"Ort*\"  required type=\"text\" data-field=\"fld_7337741\" class=\" form-control\" id=\"fld_7337741_1\" name=\"fld_7337741\" value=\"\" data-type=\"text\" aria-required=\"true\"   aria-labelledby=\"fld_7337741Label\" >\t\t\t<\/div>\r\n<\/div>\r\n<\/div><div  class=\"col-sm-3  last_col\"><div data-field-wrapper=\"fld_7611520\" class=\"form-group\" id=\"fld_7611520_1-wrap\">\r\n\t<label id=\"fld_7611520Label\" for=\"fld_7611520_1\" class=\"control-label screen-reader-text sr-only\">Gutscheinwert (in Euro)*<\/label>\r\n\t<div class=\"\">\r\n\t\t<input placeholder=\"Gutscheinwert (in Euro)*\"  required type=\"number\" data-field=\"fld_7611520\" class=\" form-control\" id=\"fld_7611520_1\" name=\"fld_7611520\" value=\"\" data-type=\"number\" data-parsley-type=\"number\" aria-required=\"true\"   aria-labelledby=\"fld_7611520Label\" >\t\t\t<\/div>\r\n<\/div>\r\n<\/div><\/div><div id=\"CF650aed9252c84_1-row-3\"  class=\"row  last_row\"><div  class=\"col-sm-12  single\"><div data-field-wrapper=\"fld_1311872\" class=\"form-group\" id=\"fld_1311872_1-wrap\">\r\n<div class=\"\">\r\n\t<input  class=\"btn btn-default\" type=\"submit\" name=\"fld_1311872\" id=\"fld_1311872_1\" value=\"Absenden\" data-field=\"fld_1311872\"  >\n<\/div>\r\n<\/div>\r\n\t<input class=\"button_trigger_1\" type=\"hidden\" name=\"fld_1311872\" id=\"fld_1311872_1_btn\" value=\"\" data-field=\"fld_1311872\"  \/>\n<\/div><\/div><\/form>\r\n<\/div>\r\n\n<p>[\/et_pb_text][et_pb_text admin_label=&#8220;Kleingedruckte&#8220; _builder_version=&#8220;4.22.1&#8243; background_size=&#8220;initial&#8220; background_position=&#8220;top_left&#8220; background_repeat=&#8220;repeat&#8220; use_border_color=&#8220;off&#8220; global_colors_info=&#8220;{}&#8220;]<\/p>\n<blockquote>\n<p><strong>Das Kleingedruckte<\/strong><br \/>Unsere Gutscheine behalten ihre G\u00fcltigkeit f\u00fcr mindestens 3 Jahre ab Ausstellungsdatum. Bitte beachten Sie, dass wir bereits erworbene Gutscheine nicht zur\u00fccknehmen k\u00f6nnen. Ein eventuell verbleibendes Restguthaben wird nicht in bar ausgezahlt, sondern bleibt als Gutschrift f\u00fcr k\u00fcnftige Vorstellungen bestehen. Die Verrechnung eines Gutscheins mit einer bereits bezahlten Bestellung ist nachtr\u00e4glich nicht m\u00f6glich.<\/p>\n<\/blockquote>\n<p>[\/et_pb_text][\/et_pb_column][\/et_pb_row][\/et_pb_section]<\/p>","protected":false},"excerpt":{"rendered":"<p>Verschenken Sie einzigartige Abende bei La Famiglia \u2013 mit unseren Wertgutscheinen! M\u00f6chten Sie Ihren Liebsten, Freunden oder Gesch\u00e4ftspartnern ein L\u00e4cheln aufs Gesicht zaubern? Mit unseren exklusiven Wertgutscheinen f\u00fcr die La Famiglia Dinner Show haben Sie die M\u00f6glichkeit, einzigartige Momente der Unterhaltung, k\u00f6stlichen Gen\u00fcsse und italienischen Flair zu verschenken. Unsere Gutscheine sind der Schl\u00fcssel zu einer [&hellip;]<\/p>\n","protected":false},"author":1,"featured_media":0,"parent":0,"menu_order":0,"comment_status":"closed","ping_status":"closed","template":"","meta":{"_et_pb_use_builder":"on","_et_pb_old_content":"","_et_gb_content_width":"","footnotes":""},"class_list":["post-1106","page","type-page","status-publish","hentry"],"_links":{"self":[{"href":"https:\/\/www.italo-shows.de\/la-famiglia\/wp-json\/wp\/v2\/pages\/1106","targetHints":{"allow":["GET"]}}],"collection":[{"href":"https:\/\/www.italo-shows.de\/la-famiglia\/wp-json\/wp\/v2\/pages"}],"about":[{"href":"https:\/\/www.italo-shows.de\/la-famiglia\/wp-json\/wp\/v2\/types\/page"}],"author":[{"embeddable":true,"href":"https:\/\/www.italo-shows.de\/la-famiglia\/wp-json\/wp\/v2\/users\/1"}],"replies":[{"embeddable":true,"href":"https:\/\/www.italo-shows.de\/la-famiglia\/wp-json\/wp\/v2\/comments?post=1106"}],"version-history":[{"count":12,"href":"https:\/\/www.italo-shows.de\/la-famiglia\/wp-json\/wp\/v2\/pages\/1106\/revisions"}],"predecessor-version":[{"id":1140,"href":"https:\/\/www.italo-shows.de\/la-famiglia\/wp-json\/wp\/v2\/pages\/1106\/revisions\/1140"}],"wp:attachment":[{"href":"https:\/\/www.italo-shows.de\/la-famiglia\/wp-json\/wp\/v2\/media?parent=1106"}],"curies":[{"name":"wp","href":"https:\/\/api.w.org\/{rel}","templated":true}]}}